
2, 11, 103, 151, 173
What are the prime factors of 2514001483?
7, 263, 1365563
List the prime factors of 294090975.
3, 5, 43, 113, 269
What are the prime factors of 38441898?
2, 3, 11, 64717
What are the prime factors of 542501800?
2, 5, 1637, 1657
What are the prime factors of 2144599904?
2, 157, 426871
What are the prime factors of 6955813?
6955813
What are the prime factors of 146477491?
17, 8616323
List the prime factors of 308953995.
3, 5, 7, 349, 8431
List the prime factors of 67136561.
67136561
List the prime factors of 166239069.
3, 55413023
What are the prime factors of 140883654?
2, 3, 31, 113, 6703
List the prime factors of 7388430653.
191, 38682883
List the prime factors of 3873376334.
2, 1949, 993683
List the prime factors of 1196087195.
5, 107, 2235677
What are the prime factors of 2742922267?
373, 7353679
List the prime factors of 5245170438.
2, 3, 19, 2421593
List the prime factors of 386919664.
2, 24182479
What are the prime factors of 8869984?
2, 109, 2543
What are the prime factors of 30046872?
2, 3, 1251953
List the prime factors of 1836295745.
5, 367259149
List the prime factors of 2362907992.
2, 59, 89, 56249
What are the prime factors of 1388281567?
5237, 265091
What are the prime factors of 4404091793?
41, 599, 179327
List the prime factors of 956246442.
2, 3, 159374407
List the prime factors of 1657034074.
2, 29, 461, 2137
List the prime factors of 211581467.
103, 2054189
What are the prime factors of 45189505?
5, 19, 475679
List the prime factors of 59875909.
43, 1392463
What are the prime factors of 22524337?
11, 17, 23, 5237
What are the prime factors of 1046240748?
2, 3, 7, 317, 1871
What are the prime factors of 493261101?
3, 193, 199, 1427
What are the prime factors of 162165875?
5, 173, 7499
What are the prime factors of 3601558829?
11, 29764949
What are the prime factors of 504542131?
19, 521, 50969
List the prime factors of 1101651784.
2, 137706473
What are the prime factors of 534670430?
2, 5, 7, 7638149
List the prime factors of 37781896.
2, 29, 162853
What are the prime factors of 193331342?
2, 29, 349, 9551
List the prime factors of 401864617.
7, 11, 47, 111043
List the prime factors of 514547024.
2, 17, 59, 32063
List the prime factors of 1639456447.
3049, 537703
List the prime factors of 17361239.
7, 139, 2549
List the prime factors of 34887084.
2, 3, 2907257
List the prime factors of 4718287525.
5, 7, 17, 59, 26881
What are the prime factors of 21815985?
3, 5, 1454399
List the prime factors of 1453275890.
2, 5, 11, 257, 51407
What are the prime factors of 252838943?
7, 17, 89, 23873
List the prime factors of 12677399.
7, 73, 24809
What are the prime factors of 66484421?
23, 2890627
List the prime factors of 40172116.
2, 10043029
What are the prime factors of 8054960?
2, 5, 107, 941
What are the prime factors of 66743844?
2, 3, 359, 15493
List the prime factors of 148309708.
2, 37077427
List the prime factors of 54945092.
2, 67, 205019
What are the prime factors of 1188651128?
2, 7, 1163, 18251
What are the prime factors of 1704187?
1704187
List the prime factors of 10252809.
3, 7, 67, 347
List the prime factors of 5399848251.
3, 7, 85711877
What are the prime factors of 218075231?
11, 43, 53, 8699
What are the prime factors of 340277291?
340277291
List the prime factors of 41477631.
3, 13, 1063529
What are the prime factors of 135064945?
5, 113, 239053
List the prime factors of 210351173.
701, 300073
What are the prime factors of 4628826940?
2, 5, 231441347
What are the prime factors of 1185139557?
3, 7, 593, 31723
List the prime factors of 121193524.
2, 30298381
What are the prime factors of 1685715606?
2, 3, 19, 4928993
List the prime factors of 298723270.
2, 5, 71, 420737
What are the prime factors of 57952030?
2, 5, 79, 109, 673
What are the prime factors of 39236201?
659, 59539
List the prime factors of 95265394.
2, 7, 569, 11959
List the prime factors of 167296146.
2, 3, 3677, 7583
List the prime factors of 1268123440.
2, 5, 41, 109, 3547
What are the prime factors of 123267055?
5, 24653411
List the prime factors of 120766667.
7, 467, 36943
List the prime factors of 111521906.
2, 19, 2934787
What are the prime factors of 2399575690?
2, 5, 239957569
List the prime factors of 242548859.
7, 3083, 11239
List the prime factors of 5340551.
191, 27961
List the prime factors of 8773386745.
5, 383, 4581403
List the prime factors of 1449211245.
3, 5, 96614083
What are the prime factors of 91522600?
2, 5, 13, 35201
List the prime factors of 2323728700.
2, 5, 73, 318319
List the prime factors of 1532029899.
3, 1021, 500173
List the prime factors of 5576432.
2, 348527
List the prime factors of 57680747.
199, 289853
What are the prime factors of 9500?
2, 5, 19
What are the prime factors of 1811077837?
47, 109, 467, 757
List the prime factors of 1010886742.
2, 17, 43, 89, 457
List the prime factors of 97403833.
139, 149, 4703
What are the prime factors of 2155326019?
7, 11, 283, 98909
List the prime factors of 507692624.
2, 17, 1866517
What are the prime factors of 6928589?
23, 301243
List the prime factors of 87395808.
2, 3, 883, 1031
List the prime factors of 24275871.
3, 29, 281, 331
What are the prime factors of 11409391?
7, 47, 34679
List the prime factors of 55973803.
4999, 11197
What are the prime factors of 72898446?
2, 3, 12149741
List the prime factors of 114755080.
2, 5, 11, 260807
List the prime factors of 3579709.
7, 511387
What are the prime factors of 2409603448?
2, 7, 53, 811861
What are the prime factors of 775113486?
2, 3, 7, 67, 275449
List the prime factors of 763898978.
2, 17, 22467617
What are the prime factors of 1869102252?
2, 3, 51919507
What are the prime factors of 1004674649?
11, 91334059
List the prime factors of 741668986.
2, 31, 11962403
List the prime factors of 43180641.
3, 7, 228469
List the prime factors of 125296084.
2, 419, 74759
List the prime factors of 335867990.
2, 5, 787, 42677
What are the prime factors of 802672938?
2, 3, 229, 194729
What are the prime factors of 555454439?
23, 127, 190159
List the prime factors of 57148334.
2, 47, 607961
List the prime factors of 175649394.
2, 3, 3947, 7417
List the prime factors of 71975056.
2, 31, 151
List the prime factors of 207405980.
2, 5, 787, 13177
What are the prime factors of 282232058?
2, 929, 151901
What are the prime factors of 199640693?
7, 28520099
What are the prime factors of 153928332?
2, 3, 4275787
What are the prime factors of 74852676?
2, 3, 2079241
What are the prime factors of 497124912?
2, 3, 269, 38501
What are the prime factors of 188641784?
2, 23580223
List the prime factors of 5519654210.
2, 5, 7, 2707, 29129
List the prime factors of 72976410.
2, 3, 5, 13, 17, 1223
List the prime factors of 257900142.
2, 3, 42983357
List the prime factors of 875364716.
2, 5741, 38119
List the prime factors of 225566191.
225566191
List the prime factors of 265117449.
3, 29, 3047327
What are the prime factors of 2147197467?
3, 19, 83, 293, 1549
What are the prime factors of 2457668325?
3, 5, 7, 17, 509, 541
What are the prime factors of 109083295?
5, 89, 245131
List the prime factors of 37415832.
2, 3, 223, 6991
List the prime factors of 813235458.
2, 3, 7, 29, 95383
List the prime factors of 881485681.
43, 101, 202967
What are the prime factors of 78258642?
2, 3, 7, 11, 233, 727
List the prime factors of 19028266.
2, 139, 68447
What are the prime factors of 745480585?
5, 149096117
What are the prime factors of 400734733?
7, 57247819
List the prime factors of 503674073.
7, 71953439
List the prime factors of 38942868.
2, 3, 3245239
List the prime factors of 25597662.
2, 3, 29, 131, 1123
List the prime factors of 211834419.
3, 70611473
List the prime factors of 634001944.
2, 17, 29, 160751
What are the prime factors of 18658943?
139, 241, 557
What are the prime factors of 3449209068?
2, 3, 3548569
What are the prime factors of 50051946?
2, 3, 7, 283, 4211
List the prime factors of 78103452.
2, 3, 7, 19, 6991
What are the prime factors of 1029411378?
2, 3, 673, 84977
List the prime factors of 104751167.
7853, 13339
List the prime factors of 292240966.
2, 1163, 125641
What are the prime factors of 1981863509?
29, 137, 498833
What are the prime factors of 17392868?
2, 4348217
List the prime factors of 83796699.
3, 7, 67, 59